{"id":3575,"date":"2020-05-14T20:05:14","date_gmt":"2020-05-14T17:05:14","guid":{"rendered":"http:\/\/yrmegard.net\/cms\/?page_id=3575"},"modified":"2023-09-30T11:50:17","modified_gmt":"2023-09-30T08:50:17","slug":"galerii-kolad-pruudi-sukapael","status":"publish","type":"page","link":"https:\/\/yrmegard.net\/treasury\/et\/galerii\/galerii-kolad-pruudi-sukapael\/","title":{"rendered":"Galerii. K\u00f5ladega kudumine: pruudi sukapael"},"content":{"rendered":"\n<div class=\"wp-block-columns is-layout-flex wp-container-core-columns-is-layout-9d6595d7 wp-block-columns-is-layout-flex\">\n<div class=\"wp-block-column is-layout-flow wp-block-column-is-layout-flow\" style=\"flex-basis:50%\">\n<figure class=\"wp-block-image size-large blog-image\"><a href=\"https:\/\/yrmegard.net\/treasury\/wp-content\/uploads\/2023\/09\/garter_whole.jpg\" data-rel=\"lightbox-gallery-hm5krKe1\" data-rl_title=\"\" data-rl_caption=\"\" title=\"\"><img loading=\"lazy\" decoding=\"async\" width=\"750\" height=\"391\" src=\"https:\/\/yrmegard.net\/treasury\/wp-content\/uploads\/2023\/09\/garter_whole-750x391.jpg\" alt=\"\" class=\"wp-image-8115\" srcset=\"https:\/\/yrmegard.net\/treasury\/wp-content\/uploads\/2023\/09\/garter_whole-750x391.jpg 750w, https:\/\/yrmegard.net\/treasury\/wp-content\/uploads\/2023\/09\/garter_whole-550x287.jpg 550w, https:\/\/yrmegard.net\/treasury\/wp-content\/uploads\/2023\/09\/garter_whole-768x401.jpg 768w, https:\/\/yrmegard.net\/treasury\/wp-content\/uploads\/2023\/09\/garter_whole.jpg 1014w\" sizes=\"auto, (max-width: 750px) 100vw, 750px\" \/><\/a><\/figure>\n<\/div>\n\n\n\n<div class=\"wp-block-column is-layout-flow wp-block-column-is-layout-flow\" style=\"flex-basis:50%\">\n<div class=\"wp-block-columns is-not-stacked-on-mobile is-layout-flex wp-container-core-columns-is-layout-9d6595d7 wp-block-columns-is-layout-flex\">\n<div class=\"wp-block-column is-layout-flow wp-block-column-is-layout-flow\" style=\"flex-basis:150px\">\n<figure class=\"wp-block-image size-thumbnail blog-image\"><a href=\"https:\/\/yrmegard.net\/treasury\/wp-content\/uploads\/2023\/09\/garter_right.jpg\" data-rel=\"lightbox-gallery-hm5krKe1\" data-rl_title=\"\" data-rl_caption=\"\" title=\"\"><img loading=\"lazy\" decoding=\"async\" width=\"150\" height=\"150\" src=\"https:\/\/yrmegard.net\/treasury\/wp-content\/uploads\/2023\/09\/garter_right-150x150.jpg\" alt=\"\" class=\"wp-image-8125\" style=\"aspect-ratio:1;object-fit:cover\"\/><\/a><\/figure>\n<\/div>\n\n\n\n<div class=\"wp-block-column is-layout-flow wp-block-column-is-layout-flow\" style=\"flex-basis:150px\">\n<figure class=\"wp-block-image size-thumbnail blog-image\"><a href=\"https:\/\/yrmegard.net\/treasury\/wp-content\/uploads\/2023\/09\/garter_closeup.jpg\" data-rel=\"lightbox-gallery-hm5krKe1\" data-rl_title=\"\" data-rl_caption=\"\" title=\"\"><img loading=\"lazy\" decoding=\"async\" width=\"150\" height=\"150\" src=\"https:\/\/yrmegard.net\/treasury\/wp-content\/uploads\/2023\/09\/garter_closeup-150x150.jpg\" alt=\"\" class=\"wp-image-8120\" style=\"aspect-ratio:1;object-fit:cover\"\/><\/a><\/figure>\n<\/div>\n\n\n\n<div class=\"wp-block-column is-layout-flow wp-block-column-is-layout-flow\" style=\"flex-basis:150px\">\n<figure class=\"wp-block-image size-thumbnail blog-image\"><a href=\"https:\/\/yrmegard.net\/treasury\/wp-content\/uploads\/2023\/09\/garter_closeup_back.jpg\" data-rel=\"lightbox-gallery-hm5krKe1\" data-rl_title=\"\" data-rl_caption=\"\" title=\"\"><img loading=\"lazy\" decoding=\"async\" width=\"150\" height=\"150\" src=\"https:\/\/yrmegard.net\/treasury\/wp-content\/uploads\/2023\/09\/garter_closeup_back-150x150.jpg\" alt=\"\" class=\"wp-image-8121\" style=\"aspect-ratio:1;object-fit:cover\"\/><\/a><\/figure>\n<\/div>\n\n\n\n<div class=\"wp-block-column is-layout-flow wp-block-column-is-layout-flow\" style=\"flex-basis:150px\">\n<figure class=\"wp-block-image size-thumbnail blog-image\"><a href=\"https:\/\/yrmegard.net\/treasury\/wp-content\/uploads\/2023\/09\/DFs.jpg\" data-rel=\"lightbox-gallery-hm5krKe1\" data-rl_title=\"\" data-rl_caption=\"\" title=\"\"><img loading=\"lazy\" decoding=\"async\" width=\"150\" height=\"150\" src=\"https:\/\/yrmegard.net\/treasury\/wp-content\/uploads\/2023\/09\/DFs-150x150.jpg\" alt=\"\" class=\"wp-image-8124\" style=\"aspect-ratio:1;object-fit:cover\"\/><\/a><\/figure>\n<\/div>\n<\/div>\n\n\n\n<div style=\"height:20px\" aria-hidden=\"true\" class=\"wp-block-spacer\"><\/div>\n\n\n\n<p>Kudusin selle sukapaela s\u00f5brannale pulmakingiks, siit ka punutiste vahele paigutatud nimed.&nbsp;<\/p>\n\n\n\n<p><strong>M\u00f5\u00f5dud:<\/strong> laius 1 \u2014 1,2 cm, kootud osa pikkus 78 cm.<\/p>\n\n\n\n<p><strong>Materjalid:<\/strong> puuvillane mulinee Anchor, katsetamiseks kudusin jupi peenvillasest l\u00f5ngast (teisel fotol).<\/p>\n\n\n\n<p><strong>Tehnika:<\/strong> kahepoolne tehnika, 20 k\u00f5la.<\/p>\n<\/div>\n<\/div>\n\n\n\n<p><strong>Valmistamisaeg:<\/strong> detsember 2003.<\/p>\n\n\n\n<p><strong>Mustri<\/strong> koostamisel kasutasin Ekhard Gartz&#8217;i (aka <a href=\"http:\/\/www.guntram.co.za\/tabletweaving\/patterns\/patterns.html\" target=\"_blank\" rel=\"noreferrer noopener\">Guntram<\/a>&#8216;i) tarkvara ja mustreid.<\/p>\n","protected":false},"excerpt":{"rendered":"<p>Kudusin selle sukapaela s\u00f5brannale pulmakingiks, siit ka punutiste vahele paigutatud nimed.&nbsp; M\u00f5\u00f5dud: laius 1 \u2014 1,2 cm, kootud osa pikkus 78 cm. Materjalid: puuvillane mulinee Anchor, katsetamiseks kudusin jupi peenvillasest l\u00f5ngast (teisel fotol). Tehnika: kahepoolne tehnika, 20 k\u00f5la. Valmistamisaeg: detsember 2003. Mustri koostamisel kasutasin Ekhard&nbsp;<a class=\"read-more\" href=\"https:\/\/yrmegard.net\/treasury\/et\/galerii\/galerii-kolad-pruudi-sukapael\/\">&hellip;<\/a><\/p>\n","protected":false},"author":2,"featured_media":8125,"parent":3562,"menu_order":6,"comment_status":"closed","ping_status":"closed","template":"template-full.php","meta":{"_vp_format_video_url":"","_vp_image_focal_point":[],"footnotes":""},"class_list":["post-3575","page","type-page","status-publish","has-post-thumbnail","hentry"],"_links":{"self":[{"href":"https:\/\/yrmegard.net\/treasury\/wp-json\/wp\/v2\/pages\/3575","targetHints":{"allow":["GET"]}}],"collection":[{"href":"https:\/\/yrmegard.net\/treasury\/wp-json\/wp\/v2\/pages"}],"about":[{"href":"https:\/\/yrmegard.net\/treasury\/wp-json\/wp\/v2\/types\/page"}],"author":[{"embeddable":true,"href":"https:\/\/yrmegard.net\/treasury\/wp-json\/wp\/v2\/users\/2"}],"replies":[{"embeddable":true,"href":"https:\/\/yrmegard.net\/treasury\/wp-json\/wp\/v2\/comments?post=3575"}],"version-history":[{"count":4,"href":"https:\/\/yrmegard.net\/treasury\/wp-json\/wp\/v2\/pages\/3575\/revisions"}],"predecessor-version":[{"id":8132,"href":"https:\/\/yrmegard.net\/treasury\/wp-json\/wp\/v2\/pages\/3575\/revisions\/8132"}],"up":[{"embeddable":true,"href":"https:\/\/yrmegard.net\/treasury\/wp-json\/wp\/v2\/pages\/3562"}],"wp:featuredmedia":[{"embeddable":true,"href":"https:\/\/yrmegard.net\/treasury\/wp-json\/wp\/v2\/media\/8125"}],"wp:attachment":[{"href":"https:\/\/yrmegard.net\/treasury\/wp-json\/wp\/v2\/media?parent=3575"}],"curies":[{"name":"wp","href":"https:\/\/api.w.org\/{rel}","templated":true}]}}