{"id":3574,"date":"2020-05-14T13:00:55","date_gmt":"2020-05-14T10:00:55","guid":{"rendered":"http:\/\/yrmegard.net\/cms\/?page_id=3574"},"modified":"2023-09-29T23:10:49","modified_gmt":"2023-09-29T20:10:49","slug":"galerii-kolad-jooksev-koer","status":"publish","type":"page","link":"https:\/\/yrmegard.net\/treasury\/et\/galerii\/galerii-kolad-jooksev-koer\/","title":{"rendered":"Galerii. K\u00f5ladega kudumine: jooksev koer"},"content":{"rendered":"\n<div class=\"wp-block-columns is-layout-flex wp-container-core-columns-is-layout-9d6595d7 wp-block-columns-is-layout-flex\">\n<div class=\"wp-block-column is-layout-flow wp-block-column-is-layout-flow\" style=\"flex-basis:50%\">\n<figure class=\"wp-block-image size-large blog-image\"><a href=\"https:\/\/yrmegard.net\/treasury\/wp-content\/uploads\/2023\/09\/tw-oldkivrim-full.jpg\" data-rel=\"lightbox-gallery-7wS8DHmX\" data-rl_title=\"\" data-rl_caption=\"\" title=\"\"><img loading=\"lazy\" decoding=\"async\" width=\"750\" height=\"528\" src=\"https:\/\/yrmegard.net\/treasury\/wp-content\/uploads\/2023\/09\/tw-oldkivrim-full-750x528.jpg\" alt=\"\" class=\"wp-image-8104\" srcset=\"https:\/\/yrmegard.net\/treasury\/wp-content\/uploads\/2023\/09\/tw-oldkivrim-full-750x528.jpg 750w, https:\/\/yrmegard.net\/treasury\/wp-content\/uploads\/2023\/09\/tw-oldkivrim-full-550x387.jpg 550w, https:\/\/yrmegard.net\/treasury\/wp-content\/uploads\/2023\/09\/tw-oldkivrim-full-768x541.jpg 768w, https:\/\/yrmegard.net\/treasury\/wp-content\/uploads\/2023\/09\/tw-oldkivrim-full.jpg 1011w\" sizes=\"auto, (max-width: 750px) 100vw, 750px\" \/><\/a><\/figure>\n<\/div>\n\n\n\n<div class=\"wp-block-column is-layout-flow wp-block-column-is-layout-flow\" style=\"flex-basis:50%\">\n<div class=\"wp-block-columns is-not-stacked-on-mobile is-layout-flex wp-container-core-columns-is-layout-9d6595d7 wp-block-columns-is-layout-flex\">\n<div class=\"wp-block-column is-layout-flow wp-block-column-is-layout-flow\" style=\"flex-basis:150px\">\n<figure class=\"wp-block-image size-thumbnail blog-image\"><a href=\"https:\/\/yrmegard.net\/treasury\/wp-content\/uploads\/2023\/09\/Drachgarter1.jpg\" data-rel=\"lightbox-gallery-7wS8DHmX\" data-rl_title=\"\" data-rl_caption=\"\" title=\"\"><img loading=\"lazy\" decoding=\"async\" width=\"150\" height=\"150\" src=\"https:\/\/yrmegard.net\/treasury\/wp-content\/uploads\/2023\/09\/Drachgarter1-150x150.jpg\" alt=\"\" class=\"wp-image-8105\" style=\"aspect-ratio:1;object-fit:cover\"\/><\/a><\/figure>\n<\/div>\n\n\n\n<div class=\"wp-block-column is-layout-flow wp-block-column-is-layout-flow\" style=\"flex-basis:150px\"><\/div>\n\n\n\n<div class=\"wp-block-column is-layout-flow wp-block-column-is-layout-flow\" style=\"flex-basis:150px\"><\/div>\n\n\n\n<div class=\"wp-block-column is-layout-flow wp-block-column-is-layout-flow\" style=\"flex-basis:150px\"><\/div>\n<\/div>\n\n\n\n<div style=\"height:20px\" aria-hidden=\"true\" class=\"wp-block-spacer\"><\/div>\n\n\n\n<p>Anatooliast p\u00e4rit kivrim mustri klassikaline versioon, mida kutsutakse ka &#8220;jooksvaks koeraks&#8221;. See sattus mulle ette ning tegemisse mitmel korral, ning \u00fckski selle mustriga pael pole minu k\u00e4tte j\u00e4\u00e4nud. Kollase-rohelisega sukapaelad on varasemad ning kuulusid minu lemmikuma keskaegse riietuse komplekti. Nad teenisid mind auga ligi 2 aastat, kuid l\u00e4ksid seej\u00e4rel laduma 2005. aasta suvel Tallinna Raekoja platsil toimunud tantsutundide ajal. Nendest on j\u00e4\u00e4nud vaid \u00fcks pilt. Kollase-punasega sukapaelad said kootud tellimise peale <a rel=\"noopener\" href=\"https:\/\/www.sca.org\/\" target=\"_blank\">SCA<\/a> \u00fcrituse jaoks 2004. aastal.<\/p>\n\n\n\n<p><strong>M\u00f5\u00f5dud:<\/strong> laius 1,5 cm, kootud osa pikkus&nbsp; 92 \u0441\u043c, \u00fcldpikkus 1 m.<\/p>\n\n\n\n<p><strong>Materjalid:<\/strong> l\u00f5im villane, koel\u00f5ngaks peenike linane niit.\u00a0<\/p>\n\n\n\n<p><strong>Tehnika:<\/strong> rakendatud muster, 10 k\u00f5la, klassikaline \u00fcheosaline kivrim.<\/p>\n<\/div>\n<\/div>\n\n\n\n<p><strong>Valmistamisaeg:<\/strong> juuli 2003 \/juuli 2004.<\/p>\n\n\n\n<p><strong>Muster:<\/strong> selle ning m\u00f5ned teised kivrim variatsioonid leiab <a href=\"http:\/\/yrmegard.net\/treasury\/et\/mustrid#kivrim\">mustrikogumikust<\/a>.<\/p>\n","protected":false},"excerpt":{"rendered":"<p>Anatooliast p\u00e4rit kivrim mustri klassikaline versioon, mida kutsutakse ka &#8220;jooksvaks koeraks&#8221;. See sattus mulle ette ning tegemisse mitmel korral, ning \u00fckski selle mustriga pael pole minu k\u00e4tte j\u00e4\u00e4nud. Kollase-rohelisega sukapaelad on varasemad ning kuulusid minu lemmikuma keskaegse riietuse komplekti. Nad teenisid mind auga ligi 2&nbsp;<a class=\"read-more\" href=\"https:\/\/yrmegard.net\/treasury\/et\/galerii\/galerii-kolad-jooksev-koer\/\">&hellip;<\/a><\/p>\n","protected":false},"author":2,"featured_media":8105,"parent":3562,"menu_order":5,"comment_status":"closed","ping_status":"closed","template":"template-full.php","meta":{"_vp_format_video_url":"","_vp_image_focal_point":[],"footnotes":""},"class_list":["post-3574","page","type-page","status-publish","has-post-thumbnail","hentry"],"_links":{"self":[{"href":"https:\/\/yrmegard.net\/treasury\/wp-json\/wp\/v2\/pages\/3574","targetHints":{"allow":["GET"]}}],"collection":[{"href":"https:\/\/yrmegard.net\/treasury\/wp-json\/wp\/v2\/pages"}],"about":[{"href":"https:\/\/yrmegard.net\/treasury\/wp-json\/wp\/v2\/types\/page"}],"author":[{"embeddable":true,"href":"https:\/\/yrmegard.net\/treasury\/wp-json\/wp\/v2\/users\/2"}],"replies":[{"embeddable":true,"href":"https:\/\/yrmegard.net\/treasury\/wp-json\/wp\/v2\/comments?post=3574"}],"version-history":[{"count":1,"href":"https:\/\/yrmegard.net\/treasury\/wp-json\/wp\/v2\/pages\/3574\/revisions"}],"predecessor-version":[{"id":8106,"href":"https:\/\/yrmegard.net\/treasury\/wp-json\/wp\/v2\/pages\/3574\/revisions\/8106"}],"up":[{"embeddable":true,"href":"https:\/\/yrmegard.net\/treasury\/wp-json\/wp\/v2\/pages\/3562"}],"wp:featuredmedia":[{"embeddable":true,"href":"https:\/\/yrmegard.net\/treasury\/wp-json\/wp\/v2\/media\/8105"}],"wp:attachment":[{"href":"https:\/\/yrmegard.net\/treasury\/wp-json\/wp\/v2\/media?parent=3574"}],"curies":[{"name":"wp","href":"https:\/\/api.w.org\/{rel}","templated":true}]}}