{"id":3573,"date":"2020-05-12T19:38:43","date_gmt":"2020-05-12T16:38:43","guid":{"rendered":"http:\/\/yrmegard.net\/cms\/?page_id=3573"},"modified":"2023-09-29T22:38:03","modified_gmt":"2023-09-29T19:38:03","slug":"galerii-kolad-birka-motiiv","status":"publish","type":"page","link":"https:\/\/yrmegard.net\/treasury\/et\/galerii\/galerii-kolad-birka-motiiv\/","title":{"rendered":"Galerii. K\u00f5ladega kudumine: Birka motiiv"},"content":{"rendered":"\n<div class=\"wp-block-columns is-layout-flex wp-container-core-columns-is-layout-9d6595d7 wp-block-columns-is-layout-flex\">\n<div class=\"wp-block-column is-layout-flow wp-block-column-is-layout-flow\" style=\"flex-basis:50%\">\n<figure class=\"wp-block-image size-large blog-image\"><a href=\"https:\/\/yrmegard.net\/treasury\/wp-content\/uploads\/2023\/09\/tw-birka-full.jpg\" data-rel=\"lightbox-gallery-S6G9VBPS\" data-rl_title=\"\" data-rl_caption=\"\" title=\"\"><img loading=\"lazy\" decoding=\"async\" width=\"750\" height=\"468\" src=\"https:\/\/yrmegard.net\/treasury\/wp-content\/uploads\/2023\/09\/tw-birka-full-750x468.jpg\" alt=\"\" class=\"wp-image-8095\" srcset=\"https:\/\/yrmegard.net\/treasury\/wp-content\/uploads\/2023\/09\/tw-birka-full-750x468.jpg 750w, https:\/\/yrmegard.net\/treasury\/wp-content\/uploads\/2023\/09\/tw-birka-full-550x343.jpg 550w, https:\/\/yrmegard.net\/treasury\/wp-content\/uploads\/2023\/09\/tw-birka-full-768x479.jpg 768w, https:\/\/yrmegard.net\/treasury\/wp-content\/uploads\/2023\/09\/tw-birka-full.jpg 1200w\" sizes=\"auto, (max-width: 750px) 100vw, 750px\" \/><\/a><\/figure>\n<\/div>\n\n\n\n<div class=\"wp-block-column is-layout-flow wp-block-column-is-layout-flow\" style=\"flex-basis:50%\">\n<div class=\"wp-block-columns is-not-stacked-on-mobile is-layout-flex wp-container-core-columns-is-layout-9d6595d7 wp-block-columns-is-layout-flex\">\n<div class=\"wp-block-column is-layout-flow wp-block-column-is-layout-flow\" style=\"flex-basis:150px\">\n<figure class=\"wp-block-image size-thumbnail blog-image\"><a href=\"https:\/\/yrmegard.net\/treasury\/wp-content\/uploads\/2023\/09\/tw-birka-front.jpg\" data-rel=\"lightbox-gallery-S6G9VBPS\" data-rl_title=\"\" data-rl_caption=\"\" title=\"\"><img loading=\"lazy\" decoding=\"async\" width=\"150\" height=\"150\" src=\"https:\/\/yrmegard.net\/treasury\/wp-content\/uploads\/2023\/09\/tw-birka-front-150x150.jpg\" alt=\"\" class=\"wp-image-8096\" style=\"aspect-ratio:1;object-fit:cover\"\/><\/a><\/figure>\n<\/div>\n\n\n\n<div class=\"wp-block-column is-layout-flow wp-block-column-is-layout-flow\" style=\"flex-basis:150px\">\n<figure class=\"wp-block-image size-thumbnail blog-image\"><a href=\"https:\/\/yrmegard.net\/treasury\/wp-content\/uploads\/2023\/09\/tw-birka-back.jpg\" data-rel=\"lightbox-gallery-S6G9VBPS\" data-rl_title=\"\" data-rl_caption=\"\" title=\"\"><img loading=\"lazy\" decoding=\"async\" width=\"150\" height=\"150\" src=\"https:\/\/yrmegard.net\/treasury\/wp-content\/uploads\/2023\/09\/tw-birka-back-150x150.jpg\" alt=\"\" class=\"wp-image-8097\" style=\"aspect-ratio:1;object-fit:cover\"\/><\/a><\/figure>\n<\/div>\n\n\n\n<div class=\"wp-block-column is-layout-flow wp-block-column-is-layout-flow\" style=\"flex-basis:150px\">\n<figure class=\"wp-block-image size-thumbnail blog-image\"><a href=\"https:\/\/yrmegard.net\/treasury\/wp-content\/uploads\/2023\/09\/tw-birka-closeup.jpg\" data-rel=\"lightbox-gallery-S6G9VBPS\" data-rl_title=\"\" data-rl_caption=\"\" title=\"\"><img loading=\"lazy\" decoding=\"async\" width=\"150\" height=\"150\" src=\"https:\/\/yrmegard.net\/treasury\/wp-content\/uploads\/2023\/09\/tw-birka-closeup-150x150.jpg\" alt=\"\" class=\"wp-image-8098\" style=\"aspect-ratio:1;object-fit:cover\"\/><\/a><\/figure>\n<\/div>\n\n\n\n<div class=\"wp-block-column is-layout-flow wp-block-column-is-layout-flow\" style=\"flex-basis:150px\"><\/div>\n<\/div>\n\n\n\n<div style=\"height:20px\" aria-hidden=\"true\" class=\"wp-block-spacer\"><\/div>\n\n\n\n<p>Punutud muster on loodud Birka leidude ainetel. Brokaatmustri (ehk teise l\u00f5nga abil kootud mustri) mugandas teise tehnika jaoks <a rel=\"noopener\" href=\"https:\/\/www.cs.vassar.edu\/~capriest\/textileres.html\" target=\"_blank\">Carolyn Priest-Dorman<\/a>. Kuna v\u00f6\u00f6 sai kootud katsetuse korras, j\u00e4idki selle otsad vormistamata.<\/p>\n\n\n\n<p><strong>M\u00f5\u00f5dud:<\/strong> laius 3,5 cm, kootud osa pikkus 150,9 cm.<\/p>\n\n\n\n<p><strong>Materjalid:<\/strong> l\u00f5im ja koel\u00f5ng \u2014 100% villa.<\/p>\n\n\n\n<p><strong>Tehnika:<\/strong> diagonaalid 1\u04453\u00a0 (<a href=\"https:\/\/yrmegard.net\/treasury\/et\/mustrid\/kolad-baasmuster-04-diagonaalid\/\" data-type=\"page\" data-id=\"3242\">tehnika kirjeldus baasmustrite all siin<\/a>), 28 k\u00f5la.<\/p>\n\n\n\n<p><strong>Valmistamisaeg:<\/strong> kevad 2003.<\/p>\n\n\n\n<p><strong>Muster<\/strong> leitav Carolyn Priest-Dorman&#8217;i lehel <a href=\"https:\/\/www.cs.vassar.edu\/~capriest\/birkarcp.html\" target=\"_blank\" rel=\"noopener\">siin<\/a>.<\/p>\n<\/div>\n<\/div>\n","protected":false},"excerpt":{"rendered":"<p>Punutud muster on loodud Birka leidude ainetel. Brokaatmustri (ehk teise l\u00f5nga abil kootud mustri) mugandas teise tehnika jaoks Carolyn Priest-Dorman. Kuna v\u00f6\u00f6 sai kootud katsetuse korras, j\u00e4idki selle otsad vormistamata. M\u00f5\u00f5dud: laius 3,5 cm, kootud osa pikkus 150,9 cm. Materjalid: l\u00f5im ja koel\u00f5ng \u2014 100%&nbsp;<a class=\"read-more\" href=\"https:\/\/yrmegard.net\/treasury\/et\/galerii\/galerii-kolad-birka-motiiv\/\">&hellip;<\/a><\/p>\n","protected":false},"author":2,"featured_media":8096,"parent":3562,"menu_order":4,"comment_status":"closed","ping_status":"closed","template":"template-full.php","meta":{"_vp_format_video_url":"","_vp_image_focal_point":[],"footnotes":""},"class_list":["post-3573","page","type-page","status-publish","has-post-thumbnail","hentry"],"_links":{"self":[{"href":"https:\/\/yrmegard.net\/treasury\/wp-json\/wp\/v2\/pages\/3573","targetHints":{"allow":["GET"]}}],"collection":[{"href":"https:\/\/yrmegard.net\/treasury\/wp-json\/wp\/v2\/pages"}],"about":[{"href":"https:\/\/yrmegard.net\/treasury\/wp-json\/wp\/v2\/types\/page"}],"author":[{"embeddable":true,"href":"https:\/\/yrmegard.net\/treasury\/wp-json\/wp\/v2\/users\/2"}],"replies":[{"embeddable":true,"href":"https:\/\/yrmegard.net\/treasury\/wp-json\/wp\/v2\/comments?post=3573"}],"version-history":[{"count":1,"href":"https:\/\/yrmegard.net\/treasury\/wp-json\/wp\/v2\/pages\/3573\/revisions"}],"predecessor-version":[{"id":8099,"href":"https:\/\/yrmegard.net\/treasury\/wp-json\/wp\/v2\/pages\/3573\/revisions\/8099"}],"up":[{"embeddable":true,"href":"https:\/\/yrmegard.net\/treasury\/wp-json\/wp\/v2\/pages\/3562"}],"wp:featuredmedia":[{"embeddable":true,"href":"https:\/\/yrmegard.net\/treasury\/wp-json\/wp\/v2\/media\/8096"}],"wp:attachment":[{"href":"https:\/\/yrmegard.net\/treasury\/wp-json\/wp\/v2\/media?parent=3573"}],"curies":[{"name":"wp","href":"https:\/\/api.w.org\/{rel}","templated":true}]}}