{"id":3531,"date":"2023-09-25T13:02:43","date_gmt":"2023-09-25T10:02:43","guid":{"rendered":"http:\/\/yrmegard.net\/cms\/?page_id=3531"},"modified":"2023-09-27T16:49:01","modified_gmt":"2023-09-27T13:49:01","slug":"tikkimismuster-itaalia-lillornament","status":"publish","type":"page","link":"https:\/\/yrmegard.net\/treasury\/et\/mustrid\/tikkimismuster-itaalia-lillornament\/","title":{"rendered":"Tikkimismuster: lillornament Itaalia padjalt"},"content":{"rendered":"\n<div class=\"wp-block-columns is-layout-flex wp-container-core-columns-is-layout-9d6595d7 wp-block-columns-is-layout-flex\">\n<div class=\"wp-block-column is-layout-flow wp-block-column-is-layout-flow\"><div class=\"wp-block-image blog-image\">\n<figure class=\"alignright size-full\"><img loading=\"lazy\" decoding=\"async\" width=\"306\" height=\"211\" src=\"https:\/\/yrmegard.net\/treasury\/wp-content\/uploads\/2023\/09\/embroidery_pattern_02_flowers_pillowcase.gif\" alt=\"\" class=\"wp-image-7907\"\/><\/figure>\n<\/div>\n\n\n<p>Muster p\u00f5hineb\u00a0<a rel=\"noopener noreferrer\" href=\"http:\/\/gallerysearch.ds.man.ac.uk\/Detail\/18849\" target=\"_blank\">Whitworth Art Gallery<\/a>\u2018s asuva Itaalia p\u00e4ritolu 16. sajandi padja ornamendil.<\/p>\n\n\n\n<p>Joonisel n\u00e4eb \u00fche terve mustrikorduse. Sama mustrikorduse ja \u00fcksikelemente eraldi pdf formaadis saab alla laadida <a href=\"http:\/\/www.yrmegard.net\/treasury\/patterns\/pdf\/tikkimismuster-itaalia-lillornament.pdf\">siit<\/a> (389 kb). Mustri suuruseks on 92\u00d792 pistet.<\/p>\n\n\n\n<p>Originaal on t\u00f5en\u00e4oliselt tikitud Holbeini pistes. Samas nii tervet mustrit kui ka selle osi saab kasutada vabalt valitud loendatud koel\u00f5ngadega tehnikas tikkimiseks.<\/p>\n\n\n\n<p>Terve mustrikordusega t\u00f6\u00f6tades tuleb p\u00f6\u00f6rata t\u00e4helepanu lehtede positsioonile v\u00e4ikeste lillede juures. Keskmine element nii padjal kui ka skeemil pole s\u00fcmmeetriline, kuid selle pooled on omavahel vaatamata sellele vahetatavad.<\/p>\n\n\n\n<pre class=\"wp-block-verse\"><a rel=\"noreferrer noopener\" href=\"http:\/\/www.yrmegard.net\/treasury\/patterns\/pdf\/tikkimismuster-itaalia-lillornament.pdf\" target=\"_blank\">Lae alla tikkimismuster ja juhised pdf formaadis.<\/a><\/pre>\n<\/div>\n\n\n\n<div class=\"wp-block-column is-vertically-aligned-top is-layout-flow wp-block-column-is-layout-flow\" style=\"flex-basis:270px\">\n<figure class=\"wp-block-image size-full blog-image\"><a href=\"https:\/\/yrmegard.net\/treasury\/wp-content\/uploads\/2023\/09\/embroidery_pattern_02_flowers_preview.gif\" data-rel=\"lightbox-gallery-jKzZXarz\" data-rl_title=\"\" data-rl_caption=\"\" title=\"\"><img loading=\"lazy\" decoding=\"async\" width=\"850\" height=\"838\" src=\"https:\/\/yrmegard.net\/treasury\/wp-content\/uploads\/2023\/09\/embroidery_pattern_02_flowers_preview.gif\" alt=\"\" class=\"wp-image-7905\" style=\"object-fit:cover\" srcset=\"https:\/\/yrmegard.net\/treasury\/wp-content\/uploads\/2023\/09\/embroidery_pattern_02_flowers_preview.gif 850w, https:\/\/yrmegard.net\/treasury\/wp-content\/uploads\/2023\/09\/embroidery_pattern_02_flowers_preview-768x757.gif 768w\" sizes=\"auto, (max-width: 850px) 100vw, 850px\" \/><\/a><\/figure>\n<\/div>\n<\/div>\n","protected":false},"excerpt":{"rendered":"<p>Muster p\u00f5hineb\u00a0Whitworth Art Gallery\u2018s asuva Itaalia p\u00e4ritolu 16. sajandi padja ornamendil. Joonisel n\u00e4eb \u00fche terve mustrikorduse. Sama mustrikorduse ja \u00fcksikelemente eraldi pdf formaadis saab alla laadida siit (389 kb). Mustri suuruseks on 92\u00d792 pistet. Originaal on t\u00f5en\u00e4oliselt tikitud Holbeini pistes. Samas nii tervet mustrit kui&nbsp;<a class=\"read-more\" href=\"https:\/\/yrmegard.net\/treasury\/et\/mustrid\/tikkimismuster-itaalia-lillornament\/\">&hellip;<\/a><\/p>\n","protected":false},"author":2,"featured_media":7905,"parent":3207,"menu_order":202,"comment_status":"closed","ping_status":"closed","template":"template-full.php","meta":{"_vp_format_video_url":"","_vp_image_focal_point":[],"footnotes":""},"class_list":["post-3531","page","type-page","status-publish","has-post-thumbnail","hentry"],"_links":{"self":[{"href":"https:\/\/yrmegard.net\/treasury\/wp-json\/wp\/v2\/pages\/3531","targetHints":{"allow":["GET"]}}],"collection":[{"href":"https:\/\/yrmegard.net\/treasury\/wp-json\/wp\/v2\/pages"}],"about":[{"href":"https:\/\/yrmegard.net\/treasury\/wp-json\/wp\/v2\/types\/page"}],"author":[{"embeddable":true,"href":"https:\/\/yrmegard.net\/treasury\/wp-json\/wp\/v2\/users\/2"}],"replies":[{"embeddable":true,"href":"https:\/\/yrmegard.net\/treasury\/wp-json\/wp\/v2\/comments?post=3531"}],"version-history":[{"count":3,"href":"https:\/\/yrmegard.net\/treasury\/wp-json\/wp\/v2\/pages\/3531\/revisions"}],"predecessor-version":[{"id":7912,"href":"https:\/\/yrmegard.net\/treasury\/wp-json\/wp\/v2\/pages\/3531\/revisions\/7912"}],"up":[{"embeddable":true,"href":"https:\/\/yrmegard.net\/treasury\/wp-json\/wp\/v2\/pages\/3207"}],"wp:featuredmedia":[{"embeddable":true,"href":"https:\/\/yrmegard.net\/treasury\/wp-json\/wp\/v2\/media\/7905"}],"wp:attachment":[{"href":"https:\/\/yrmegard.net\/treasury\/wp-json\/wp\/v2\/media?parent=3531"}],"curies":[{"name":"wp","href":"https:\/\/api.w.org\/{rel}","templated":true}]}}