{"id":3530,"date":"2023-09-25T13:02:40","date_gmt":"2023-09-25T10:02:40","guid":{"rendered":"http:\/\/yrmegard.net\/cms\/?page_id=3530"},"modified":"2023-09-27T15:26:47","modified_gmt":"2023-09-27T12:26:47","slug":"tikkimismuster-pyha-anna-rist","status":"publish","type":"page","link":"https:\/\/yrmegard.net\/treasury\/et\/mustrid\/tikkimismuster-pyha-anna-rist\/","title":{"rendered":"Tikkimismuster: p\u00fcha Anna tript\u00fchhoni rist"},"content":{"rendered":"\n<div class=\"wp-block-columns is-layout-flex wp-container-core-columns-is-layout-9d6595d7 wp-block-columns-is-layout-flex\">\n<div class=\"wp-block-column is-layout-flow wp-block-column-is-layout-flow\">\n<p>Mustriskeem on koostatud Quinten Massijs\u00b4e p\u00fcha Anna tript\u00fchhoni p\u00f5hjal. Maal on dateeritud 1509. aastasse. Mustri loomisest ja selle j\u00e4rgi tikandi valmistamisest saab lugeda artiklist <a href=\"https:\/\/yrmegard.net\/treasury\/et\/artiklid\/artikkel-lapsep6ll-maali-jargi\/\" data-type=\"page\" data-id=\"3056\">\u201cTikandi rekonstruktsioon maali j\u00e4rgi: tikitud lapsep\u00f5ll\u201d<\/a>.<\/p>\n\n\n\n<p>Allpool saab n\u00e4ha mustrit tervikuna. Suurema mustri koos lisainfoga pdf formaadis saab alla laadida <a href=\"http:\/\/www.yrmegard.net\/treasury\/patterns\/pdf\/tikkimismuster-pyha-anna-rist.pdf\" target=\"_blank\" rel=\"noreferrer noopener\">siit<\/a> (256 kb). Mustri suuruseks on 97\u00d797 pistet.<\/p>\n\n\n\n<p>Mustriga t\u00f6\u00f6tamisel tuleb p\u00f6\u00f6rata t\u00e4helepanu sellele, et m\u00f5ned \u00fcksikud elemendid asuvad p\u00f5himustriga v\u00f5rreldes nihkes, kuid pistete pikkus j\u00e4\u00e4b samaks.<\/p>\n\n\n\n<p>Kontuure v\u00f5ib tikkida nii Holbeini piste kui ka tikkpistega. Esimesel juhul n\u00e4eb tikandi tagumine pool ilusam v\u00e4lja.<\/p>\n\n\n\n<p>Risti keskosa v\u00f5ib t\u00e4ita tavalise v\u00f5i kaldristpistega, lisaks on v\u00f5imalik kasutada ka gobel\u00e4\u00e4npisteid vabal valikul, kuid siis tuleb arvestada sellega, et t\u00e4idetava osa kontuurid v\u00f5ivad veidi muutuda.<\/p>\n\n\n\n<pre class=\"wp-block-verse\"><a href=\"http:\/\/www.yrmegard.net\/treasury\/patterns\/pdf\/tikkimismuster-pyha-anna-rist.pdf\" target=\"_blank\" rel=\"noreferrer noopener\">Lae alla tikkimismuster ja juhised pdf formaadis.<\/a><\/pre>\n<\/div>\n\n\n\n<div class=\"wp-block-column is-layout-flow wp-block-column-is-layout-flow\" style=\"flex-basis:700px\">\n<div class=\"wp-block-columns is-layout-flex wp-container-core-columns-is-layout-9d6595d7 wp-block-columns-is-layout-flex\">\n<div class=\"wp-block-column is-layout-flow wp-block-column-is-layout-flow\" style=\"flex-basis:280px\">\n<figure class=\"wp-block-image size-large is-resized blog-image\"><a href=\"https:\/\/yrmegard.net\/treasury\/wp-content\/uploads\/2023\/08\/embroidery-article-02-bib_St_Anna_cross.jpg\" data-rel=\"lightbox-gallery-iSBw9UsQ\" data-rl_title=\"\" data-rl_caption=\"\" title=\"\"><img decoding=\"async\" src=\"https:\/\/yrmegard.net\/treasury\/wp-content\/uploads\/2023\/08\/embroidery-article-02-bib_St_Anna_cross-678x1024.jpg\" alt=\"\" class=\"wp-image-6799\" style=\"height:400px\" height=\"400\" srcset=\"https:\/\/yrmegard.net\/treasury\/wp-content\/uploads\/2023\/08\/embroidery-article-02-bib_St_Anna_cross-678x1024.jpg 678w, https:\/\/yrmegard.net\/treasury\/wp-content\/uploads\/2023\/08\/embroidery-article-02-bib_St_Anna_cross-199x300.jpg 199w, https:\/\/yrmegard.net\/treasury\/wp-content\/uploads\/2023\/08\/embroidery-article-02-bib_St_Anna_cross-768x1160.jpg 768w, https:\/\/yrmegard.net\/treasury\/wp-content\/uploads\/2023\/08\/embroidery-article-02-bib_St_Anna_cross.jpg 993w\" sizes=\"(max-width: 678px) 100vw, 678px\" \/><\/a><\/figure>\n<\/div>\n\n\n\n<div class=\"wp-block-column is-layout-flow wp-block-column-is-layout-flow\" style=\"flex-basis:420px\">\n<figure class=\"wp-block-image size-full blog-image\"><a href=\"https:\/\/yrmegard.net\/treasury\/wp-content\/uploads\/2023\/09\/embroidery_pattern_01_cross_preview.gif\" data-rel=\"lightbox-gallery-iSBw9UsQ\" data-rl_title=\"\" data-rl_caption=\"\" title=\"\"><img loading=\"lazy\" decoding=\"async\" width=\"850\" height=\"844\" src=\"https:\/\/yrmegard.net\/treasury\/wp-content\/uploads\/2023\/09\/embroidery_pattern_01_cross_preview.gif\" alt=\"\" class=\"wp-image-7894\" style=\"object-fit:cover\" srcset=\"https:\/\/yrmegard.net\/treasury\/wp-content\/uploads\/2023\/09\/embroidery_pattern_01_cross_preview.gif 850w, https:\/\/yrmegard.net\/treasury\/wp-content\/uploads\/2023\/09\/embroidery_pattern_01_cross_preview-768x763.gif 768w\" sizes=\"auto, (max-width: 850px) 100vw, 850px\" \/><\/a><\/figure>\n<\/div>\n<\/div>\n<\/div>\n<\/div>\n","protected":false},"excerpt":{"rendered":"<p>Mustriskeem on koostatud Quinten Massijs\u00b4e p\u00fcha Anna tript\u00fchhoni p\u00f5hjal. Maal on dateeritud 1509. aastasse. Mustri loomisest ja selle j\u00e4rgi tikandi valmistamisest saab lugeda artiklist \u201cTikandi rekonstruktsioon maali j\u00e4rgi: tikitud lapsep\u00f5ll\u201d. Allpool saab n\u00e4ha mustrit tervikuna. Suurema mustri koos lisainfoga pdf formaadis saab alla laadida siit&nbsp;<a class=\"read-more\" href=\"https:\/\/yrmegard.net\/treasury\/et\/mustrid\/tikkimismuster-pyha-anna-rist\/\">&hellip;<\/a><\/p>\n","protected":false},"author":2,"featured_media":7894,"parent":3207,"menu_order":201,"comment_status":"closed","ping_status":"closed","template":"template-full.php","meta":{"_vp_format_video_url":"","_vp_image_focal_point":[],"footnotes":""},"class_list":["post-3530","page","type-page","status-publish","has-post-thumbnail","hentry"],"_links":{"self":[{"href":"https:\/\/yrmegard.net\/treasury\/wp-json\/wp\/v2\/pages\/3530","targetHints":{"allow":["GET"]}}],"collection":[{"href":"https:\/\/yrmegard.net\/treasury\/wp-json\/wp\/v2\/pages"}],"about":[{"href":"https:\/\/yrmegard.net\/treasury\/wp-json\/wp\/v2\/types\/page"}],"author":[{"embeddable":true,"href":"https:\/\/yrmegard.net\/treasury\/wp-json\/wp\/v2\/users\/2"}],"replies":[{"embeddable":true,"href":"https:\/\/yrmegard.net\/treasury\/wp-json\/wp\/v2\/comments?post=3530"}],"version-history":[{"count":2,"href":"https:\/\/yrmegard.net\/treasury\/wp-json\/wp\/v2\/pages\/3530\/revisions"}],"predecessor-version":[{"id":7897,"href":"https:\/\/yrmegard.net\/treasury\/wp-json\/wp\/v2\/pages\/3530\/revisions\/7897"}],"up":[{"embeddable":true,"href":"https:\/\/yrmegard.net\/treasury\/wp-json\/wp\/v2\/pages\/3207"}],"wp:featuredmedia":[{"embeddable":true,"href":"https:\/\/yrmegard.net\/treasury\/wp-json\/wp\/v2\/media\/7894"}],"wp:attachment":[{"href":"https:\/\/yrmegard.net\/treasury\/wp-json\/wp\/v2\/media?parent=3530"}],"curies":[{"name":"wp","href":"https:\/\/api.w.org\/{rel}","templated":true}]}}