{"id":3287,"date":"2020-11-15T19:01:42","date_gmt":"2020-11-15T16:01:42","guid":{"rendered":"http:\/\/yrmegard.net\/cms\/?page_id=3287"},"modified":"2023-09-24T12:32:21","modified_gmt":"2023-09-24T09:32:21","slug":"kolad-eesti-muster-02","status":"publish","type":"page","link":"https:\/\/yrmegard.net\/treasury\/et\/mustrid\/kolad-eesti-muster-02\/","title":{"rendered":"K\u00f5ladega kudumine. Eesti v\u00f6\u00f6d: Saarde, 19. sajand"},"content":{"rendered":"\n<div class=\"wp-block-columns is-layout-flex wp-container-core-columns-is-layout-9d6595d7 wp-block-columns-is-layout-flex\">\n<div class=\"wp-block-column is-vertically-aligned-top is-layout-flow wp-block-column-is-layout-flow\" style=\"flex-basis:250px\">\n<div class=\"wp-block-columns is-not-stacked-on-mobile is-layout-flex wp-container-core-columns-is-layout-9d6595d7 wp-block-columns-is-layout-flex\">\n<div class=\"wp-block-column is-vertically-aligned-top is-layout-flow wp-block-column-is-layout-flow\" style=\"flex-basis:85px\">\n<figure class=\"wp-block-image size-full is-resized\"><img loading=\"lazy\" decoding=\"async\" src=\"https:\/\/yrmegard.net\/treasury\/wp-content\/uploads\/2023\/09\/tw_estonian_pattern_02_draft0-1.png\" alt=\"\" class=\"wp-image-7452\" style=\"object-fit:cover;width:75px;height:340px\" width=\"75\" height=\"340\"\/><\/figure>\n<\/div>\n\n\n\n<div class=\"wp-block-column is-vertically-aligned-top is-layout-flow wp-block-column-is-layout-flow\" style=\"flex-basis:190px\">\n<figure class=\"wp-block-image size-full is-resized\"><img loading=\"lazy\" decoding=\"async\" src=\"https:\/\/yrmegard.net\/treasury\/wp-content\/uploads\/2023\/09\/tw_estonian_pattern_02_draft2.png\" alt=\"\" class=\"wp-image-7372\" style=\"object-fit:cover;width:145px;height:340px\" width=\"145\" height=\"340\"\/><\/figure>\n<\/div>\n<\/div>\n<\/div>\n\n\n\n<div class=\"wp-block-column is-layout-flow wp-block-column-is-layout-flow\">\n<p><strong>K\u00f5lade algasend<\/strong><\/p>\n\n\n\n<figure class=\"wp-block-image size-full\"><img loading=\"lazy\" decoding=\"async\" width=\"226\" height=\"110\" src=\"https:\/\/yrmegard.net\/treasury\/wp-content\/uploads\/2023\/09\/tw_estonian_pattern_02_thread.png\" alt=\"\" class=\"wp-image-7369\"\/><\/figure>\n\n\n\n<div style=\"height:30px\" aria-hidden=\"true\" class=\"wp-block-spacer\"><\/div>\n\n\n\n<p>Seda mustrit tuntakse ka &#8220;s\u00f5rade&#8221; nime all. 12 k\u00f5la keeratakse koos \u00fches suunas. Tagumisel k\u00fcljel kordub sama muster vastupidise l\u00f5ngade<br>keerdumise suunaga.<\/p>\n\n\n\n<p>Sama mustriga kootud sukapaela n\u00e4eb <a href=\"https:\/\/yrmegard.net\/treasury\/et\/galerii\/galerii-kolad-sorad\/\" data-type=\"page\" data-id=\"3577\">galeriis<\/a>.<\/p>\n\n\n\n<div style=\"height:30px\" aria-hidden=\"true\" class=\"wp-block-spacer\"><\/div>\n\n\n\n<pre class=\"wp-block-verse\">* <a href=\"https:\/\/www.yrmegard.net\/treasury\/patterns\/gtt\/tw_estonian_pattern_02.gtt\" target=\"_blank\" rel=\"noreferrer noopener\">Lae alla GTT muster<\/a>.\n* <a href=\"https:\/\/www.yrmegard.net\/treasury\/patterns\/pdf\/kolad-eesti-muster-02.pdf\" target=\"_blank\" rel=\"noreferrer noopener\">Lae alla muster ja juhised pdf formaadis<\/a>.<\/pre>\n<\/div>\n<\/div>\n","protected":false},"excerpt":{"rendered":"<p>K\u00f5lade algasend Seda mustrit tuntakse ka &#8220;s\u00f5rade&#8221; nime all. 12 k\u00f5la keeratakse koos \u00fches suunas. Tagumisel k\u00fcljel kordub sama muster vastupidise l\u00f5ngadekeerdumise suunaga. Sama mustriga kootud sukapaela n\u00e4eb galeriis. * Lae alla GTT muster. * Lae alla muster ja juhised pdf formaadis.<\/p>\n","protected":false},"author":2,"featured_media":7365,"parent":3207,"menu_order":32,"comment_status":"closed","ping_status":"closed","template":"template-full.php","meta":{"_vp_format_video_url":"","_vp_image_focal_point":[],"footnotes":""},"class_list":["post-3287","page","type-page","status-publish","has-post-thumbnail","hentry"],"_links":{"self":[{"href":"https:\/\/yrmegard.net\/treasury\/wp-json\/wp\/v2\/pages\/3287","targetHints":{"allow":["GET"]}}],"collection":[{"href":"https:\/\/yrmegard.net\/treasury\/wp-json\/wp\/v2\/pages"}],"about":[{"href":"https:\/\/yrmegard.net\/treasury\/wp-json\/wp\/v2\/types\/page"}],"author":[{"embeddable":true,"href":"https:\/\/yrmegard.net\/treasury\/wp-json\/wp\/v2\/users\/2"}],"replies":[{"embeddable":true,"href":"https:\/\/yrmegard.net\/treasury\/wp-json\/wp\/v2\/comments?post=3287"}],"version-history":[{"count":13,"href":"https:\/\/yrmegard.net\/treasury\/wp-json\/wp\/v2\/pages\/3287\/revisions"}],"predecessor-version":[{"id":7454,"href":"https:\/\/yrmegard.net\/treasury\/wp-json\/wp\/v2\/pages\/3287\/revisions\/7454"}],"up":[{"embeddable":true,"href":"https:\/\/yrmegard.net\/treasury\/wp-json\/wp\/v2\/pages\/3207"}],"wp:featuredmedia":[{"embeddable":true,"href":"https:\/\/yrmegard.net\/treasury\/wp-json\/wp\/v2\/media\/7365"}],"wp:attachment":[{"href":"https:\/\/yrmegard.net\/treasury\/wp-json\/wp\/v2\/media?parent=3287"}],"curies":[{"name":"wp","href":"https:\/\/api.w.org\/{rel}","templated":true}]}}