{"id":3197,"date":"2020-03-28T21:56:10","date_gmt":"2020-03-28T21:56:10","guid":{"rendered":"http:\/\/yrmegard.net\/cms\/?page_id=3197"},"modified":"2023-09-01T10:13:58","modified_gmt":"2023-09-01T07:13:58","slug":"kolavoo-eestis-kurrik","status":"publish","type":"page","link":"https:\/\/yrmegard.net\/treasury\/et\/artiklid\/kolavoo-eestis-kurrik\/","title":{"rendered":"K\u00f5lav\u00f6\u00f6 Eestis. Helmi Kurrik"},"content":{"rendered":"<div class=\"wp-block-image blog-image\">\n<figure class=\"alignleft size-full is-resized\"><a href=\"https:\/\/yrmegard.net\/treasury\/wp-content\/uploads\/2023\/09\/kurrik-1.jpg\" data-rel=\"lightbox-gallery-rpbhPvxe\" data-rl_title=\"\" data-rl_caption=\"\" title=\"\"><img decoding=\"async\" src=\"https:\/\/yrmegard.net\/treasury\/wp-content\/uploads\/2023\/09\/kurrik-1.jpg\" alt=\"\" class=\"wp-image-7027\" style=\"width:300px\" width=\"300\" srcset=\"https:\/\/yrmegard.net\/treasury\/wp-content\/uploads\/2023\/09\/kurrik-1.jpg 405w, https:\/\/yrmegard.net\/treasury\/wp-content\/uploads\/2023\/09\/kurrik-1-208x300.jpg 208w\" sizes=\"(max-width: 405px) 100vw, 405px\" \/><\/a><\/figure>\n<\/div>\n\n\n<p>Eesti Rahva Muuseum, 1931<\/p>\n\n\n\n<p>\u201cK\u00f5lav\u00f6\u00f6 Eestis\u201d on unikaalne ning ainus avaldatud p\u00f5hjalik \u00fclevaade Eesti k\u00f5lav\u00f6\u00f6dest ja k\u00f5igest nendega seonduvast. 1931. aastal ilmunud tr\u00fckisest on s\u00e4ilinud vaid v\u00e4hesed eksemplarid, kusjuures osa neist on v\u00e4ga halvas korras, sh lugejate k\u00e4e l\u00e4bi kannatada saanud (n\u00e4iteks on pildid v\u00e4lja l\u00f5igatud). Samas liigub ringi p\u00e4ris palju nii paber- kui ka elektroonilisi koopiad, sealhulgas ka Eestist v\u00e4ljaspool.<\/p>\n\n\n\n<p>Etnograaf Helmi Kurrik (1883\u20131960) on mitme eesti rahvariiete teemalise raamatu ja artikli autoriks, kus on juttu lisaks riietele endile ka aksessuaaridest ja nende valmistamiseks kasutatud k\u00e4sit\u00f6\u00f6liikidest. Vaatamata nende materjalide vanusele peetakse neid siiani heaks aluseks teema s\u00fcgavaks uurimiseks. Kurriku stiil on kirjeldav \u2013 ta annab palju detaile ja praktiliselt ei tee \u00fcldistusi. Tehnilise protsessi kirjeldused on v\u00e4ga p\u00f5hjalikud, lisatud on ka tsitaate unikaalsetest, sh k\u00f5nekeelsetest, allikatest.<\/p>\n\n\n\n<p>K\u00f5ladega kudumise artikkel pole selles suhtes erand. See algab k\u00f5lade definitsiooniga, j\u00e4rgnevad erinevates murretes terminite tutvutus ning kudumise protsessi j\u00e4rkj\u00e4rguline kirjeldus, mis on illustreeritud paljude piltidega. Koheselt autori kirjeldusele j\u00e4rgneb entograafililne kirjeldus Muhu saarelt. Tehnilised m\u00e4rkused, n\u00e4iteks kuidas keeru l\u00f5ngade tagumisest otsast v\u00e4lja saadakse, p\u00f5hinevad samuti k\u00e4sikirjalistel entograafilistel materjalidel.<\/p>\n\n\n<div class=\"wp-block-image blog-image\">\n<figure class=\"alignright size-full is-resized\"><a href=\"https:\/\/yrmegard.net\/treasury\/wp-content\/uploads\/2023\/09\/kurrik_page0002.jpg\" data-rel=\"lightbox-gallery-rpbhPvxe\" data-rl_title=\"\" data-rl_caption=\"\" title=\"\"><img decoding=\"async\" src=\"https:\/\/yrmegard.net\/treasury\/wp-content\/uploads\/2023\/09\/kurrik_page0002.jpg\" alt=\"\" class=\"wp-image-7028\" style=\"width:298px\" width=\"298\" srcset=\"https:\/\/yrmegard.net\/treasury\/wp-content\/uploads\/2023\/09\/kurrik_page0002.jpg 402w, https:\/\/yrmegard.net\/treasury\/wp-content\/uploads\/2023\/09\/kurrik_page0002-208x300.jpg 208w\" sizes=\"(max-width: 402px) 100vw, 402px\" \/><\/a><\/figure>\n<\/div>\n\n\n<p>Artikli k\u00f5ige pikem osa on p\u00fchendatud olemasolevatele v\u00f6\u00f6dele ja paeltele alates k\u00f5ige vanematest n\u00e4idetest (mis olid artikli kirjutamise ajaks teada). Autor teeb vaid v\u00e4ga \u00fcldisi j\u00e4reldusi erinevate mustrite ja tehnikate jagunemisest kolme gruppi, kuid p\u00f6\u00f6rab rohkelt t\u00e4helepanu sellele, kes, kus ja kuidas v\u00f6id ja paelu kandis v\u00f5i kasutas \u2013 kuni riidet\u00fckkide kirjeldusteni, millega koos paela v\u00f5i v\u00f6\u00f6d kanti. Teadaolevad varajased v\u00f6\u00f6d, paelad ja nende fragmendid on k\u00f5ik \u00fcles loetud ning iga eseme kohta antakse p\u00f5hjalikku infot leiukohast, kudumise tehnikast, v\u00f5imalikust kasutusviisist ning tihti ka leiu edasisest saatusest, mis m\u00f5ne eseme puhul on kurb (n\u00e4iteks on uurimiseks lahti l\u00f5igatud ning osad t\u00fckid kadunud). Pildid leidudest on enamasti unikaalsed.<\/p>\n\n\n\n<p>Eraldi toob autor v\u00e4lja hilisemate mustrite kirjeldusi, jagades neid geograafiliste piirkondade j\u00e4rgi. Vaid kirjelduste p\u00f5hjal on sellist infomahtu raske haarata, samas just see artikliosa on kahjuks v\u00e4ga v\u00e4he illustreeritud. \u00dcksikutel piltidel n\u00e4eb hoopis mustreid, mida tekstis mainitakse vaid korraks, ning v\u00e4ljatoodud mustriskeemid on ebat\u00e4psed.<\/p>\n\n\n\n<p>Artikli viimane osa r\u00e4\u00e4gib v\u00f6\u00f6 v\u00f5i paela otste viimistlemisest, enamasti punumisest. Illustratsioone on j\u00e4llegi v\u00e4he, kuid kirjeldused on v\u00e4ga p\u00f5hjalikud.<\/p>\n\n\n\n<p>Artikli p\u00f5hiliseks ja v\u00e4ga t\u00f5siseks miinuseks on suhteliselt v\u00e4ike hulk alginfot, millele autor p\u00f5hineb \u2013 v\u00f5ttes k\u00f5ladega kudumist \u00fcldiselt. M\u00f5ned artiklis sisalduvad v\u00e4ited on \u00f5iged vaid Eesti traditsioonilisi v\u00f6id silmas pidades, m\u00f5ned faktid on aga hiljem valeks tunnistatud. Kuid kui \u00fcldised kohad k\u00f5rvale j\u00e4tta, on Kurriku artikkel asendamatu infoallikas ning oluline alus k\u00f5ladega kudumise uurimiseks Eesti piires.<\/p>\n","protected":false},"excerpt":{"rendered":"<p>Eesti Rahva Muuseum, 1931 \u201cK\u00f5lav\u00f6\u00f6 Eestis\u201d on unikaalne ning ainus avaldatud p\u00f5hjalik \u00fclevaade Eesti k\u00f5lav\u00f6\u00f6dest ja k\u00f5igest nendega seonduvast. 1931. aastal ilmunud tr\u00fckisest on s\u00e4ilinud vaid v\u00e4hesed eksemplarid, kusjuures osa neist on v\u00e4ga halvas korras, sh lugejate k\u00e4e l\u00e4bi kannatada saanud (n\u00e4iteks on pildid v\u00e4lja&nbsp;<a class=\"read-more\" href=\"https:\/\/yrmegard.net\/treasury\/et\/artiklid\/kolavoo-eestis-kurrik\/\">&hellip;<\/a><\/p>\n","protected":false},"author":2,"featured_media":7027,"parent":2918,"menu_order":66,"comment_status":"closed","ping_status":"closed","template":"template-full.php","meta":{"_vp_format_video_url":"","_vp_image_focal_point":[],"footnotes":""},"class_list":["post-3197","page","type-page","status-publish","has-post-thumbnail","hentry"],"_links":{"self":[{"href":"https:\/\/yrmegard.net\/treasury\/wp-json\/wp\/v2\/pages\/3197","targetHints":{"allow":["GET"]}}],"collection":[{"href":"https:\/\/yrmegard.net\/treasury\/wp-json\/wp\/v2\/pages"}],"about":[{"href":"https:\/\/yrmegard.net\/treasury\/wp-json\/wp\/v2\/types\/page"}],"author":[{"embeddable":true,"href":"https:\/\/yrmegard.net\/treasury\/wp-json\/wp\/v2\/users\/2"}],"replies":[{"embeddable":true,"href":"https:\/\/yrmegard.net\/treasury\/wp-json\/wp\/v2\/comments?post=3197"}],"version-history":[{"count":1,"href":"https:\/\/yrmegard.net\/treasury\/wp-json\/wp\/v2\/pages\/3197\/revisions"}],"predecessor-version":[{"id":7029,"href":"https:\/\/yrmegard.net\/treasury\/wp-json\/wp\/v2\/pages\/3197\/revisions\/7029"}],"up":[{"embeddable":true,"href":"https:\/\/yrmegard.net\/treasury\/wp-json\/wp\/v2\/pages\/2918"}],"wp:featuredmedia":[{"embeddable":true,"href":"https:\/\/yrmegard.net\/treasury\/wp-json\/wp\/v2\/media\/7027"}],"wp:attachment":[{"href":"https:\/\/yrmegard.net\/treasury\/wp-json\/wp\/v2\/media?parent=3197"}],"curies":[{"name":"wp","href":"https:\/\/api.w.org\/{rel}","templated":true}]}}