{"id":3156,"date":"2020-03-23T21:10:26","date_gmt":"2020-03-23T21:10:26","guid":{"rendered":"http:\/\/yrmegard.net\/cms\/?page_id=3156"},"modified":"2023-08-16T21:54:26","modified_gmt":"2023-08-16T18:54:26","slug":"cw-crockett","status":"publish","type":"page","link":"https:\/\/yrmegard.net\/treasury\/et\/artiklid\/cw-crockett\/","title":{"rendered":"Card Weaving. Candace Crockett"},"content":{"rendered":"<div class=\"wp-block-image blog-image\">\n<figure class=\"alignleft size-full is-resized\"><a href=\"https:\/\/yrmegard.net\/treasury\/wp-content\/uploads\/2023\/08\/crockett_cover_big.jpg\" data-rel=\"lightbox-gallery-HSCUjPCh\" data-rl_title=\"\" data-rl_caption=\"\" title=\"\"><img decoding=\"async\" src=\"https:\/\/yrmegard.net\/treasury\/wp-content\/uploads\/2023\/08\/crockett_cover_big.jpg\" alt=\"\" class=\"wp-image-6959\" style=\"width:300px\" width=\"300\" srcset=\"https:\/\/yrmegard.net\/treasury\/wp-content\/uploads\/2023\/08\/crockett_cover_big.jpg 452w, https:\/\/yrmegard.net\/treasury\/wp-content\/uploads\/2023\/08\/crockett_cover_big-226x300.jpg 226w\" sizes=\"(max-width: 452px) 100vw, 452px\" \/><\/a><\/figure>\n<\/div>\n\n\n<p>Interweave Press, 1991<br>ISBN 0-934026-61-0<\/p>\n\n\n\n<p>esmatr\u00fckk:<br>Watson-Guptill Publications, 1973<\/p>\n\n\n\n<p>Nii selle raamatu kirjutamise ajal kui ka veel aastak\u00fcmneid hiljem koondasid paljud k\u00f5ladega kudumisele p\u00fchendatud tr\u00fckised infot vaid konkreetse ja suhteliselt kitsa teema kohta (nt m\u00f5ni tehnika vms), sisaldades seejuures vaid v\u00e4ga \u00fcldist kudumise juhendit. Veebist leitavad juhendid on aga tihtipeale kirjutatud stiilis \u201cv\u00f5tke k\u00f5lad k\u00e4tte ja hakake kuduma \u2013 teil tuleb kindlasti v\u00e4lja\u201d. Juhul kui vajate palju p\u00f5hjalikumaid, selgemaid ja lihtsaid seletusi, siis Crocketti raamat on hea valik. See on klassikaline \u00f5pik, mis kujundlikult \u00f6eldes v\u00f5tab teid k\u00e4est kinni ja veab kaasa esimestest sammudest vaba k\u00f5laloominguni.<\/p>\n\n\n\n<p>Candace Crockett on San Francisco State University professor. Tema sule alt on ilmunud mitmeid raamatuid erinevate tekstiilitehnikate kohta, sh kangakudumisest ja ketramisest, ning tema enda tekstiilit\u00f6id saab n\u00e4ha muuseumides, galeriides ja erakogudes. Aastal 1976, juba peale k\u00f5ladega kudumise raamatu ilmumist, andis Crockett valja ka videokasseti kudumise juhenditega.<\/p>\n\n\n\n<p><em>Card Weaving<\/em> raamatut peetakse endiselt \u00fcheks parimaks k\u00f5ladega kudumise alg\u00f5pikuks. Sellest raamatust algas k\u00f5ladega kudumise kogemus paljudel inimestel, kes on hetkel rahvusvaheliselt h\u00e4sti tuntud ning lugupeetud meistrid. Retsensioonid sellele raamatule on k\u00f5ik \u00e4\u00e4rmiselt positiivsed. Kuid raamatul on ka selgeid miinuseid. Neist aga veidi hiljem.<\/p>\n\n\n\n<p>Card Weaving on klassikaline, traditsiooniline \u00f5pik, mis on \u00fclesehitatud akadeemiliste tekstide p\u00f5him\u00f5ttel (<a rel=\"noreferrer noopener\" href=\"https:\/\/www.yrmegard.net\/treasury\/bookshelf\/crockett_contents.pdf\" target=\"_blank\">raamatu sisukord pdf formaadis<\/a>). Seda saab lugeda j\u00e4rjest, j\u00e4ttes k\u00f5rvale praktilised osad, samas v\u00f5ib lugemisel k\u00f5ike kohe kaasa teha, samm sammult liikudes lihtsamatest asjadest keerulisemate poole. Puhtalt teoreetiline on vaid \u00fcks raamatu osa, milleks on sissejuhatus. K\u00f5ik \u00fclej\u00e4\u00e4nu on praktilised kirjeldused, mustriskeemid ja juhendid. Raamat on m\u00f5eldud kaasaegsetele k\u00e4sit\u00f6\u00f6huvilistele, kellel ei pruugi olla huvi ajaloo vastu, ning selle p\u00f5him\u00f5tteks on \u201ckasutame vanaaegset tehnikat kaasaegsete meistriteoste loomiseks\u201d.<\/p>\n\n\n\n<p>Raamatu esimesse ossa on koondatud \u00fcldinfo tehnikast ning selle ajaloost, eraldi on v\u00e4lja toodud selle areng erinevates geograafilistes piirkondades, alates Vana Egiptusest ning kuni suurema huvi taastekkimiseni 19. sajandil t\u00e4nu saksa uurijale Margaret Lehmann-Philes\u2019ile. Konkreetset infot on tekstis v\u00e4he, palju on \u00fcldistusi ning kokkuv\u00f5tvaid arvamusavaldusi. Samas on juures p\u00e4ris palju pildimaterjali ning must-valged fotod on p\u00e4ris hea kvaliteediga. Juttu on nii erinevatest tehnikatest, ajaperioodidest kui ka geograafilistest piirkondadest. Eraldi v\u00f5ib \u00e4ra m\u00e4rkida v\u00e4ga hea pildi nn Ramsese v\u00f6\u00f6st, mille valmistamisviisi \u00fcle vaieldakse juba mitu aastak\u00fcmmet.<\/p>\n\n\n<div class=\"wp-block-image blog-image\">\n<figure class=\"alignright size-full is-resized\"><a href=\"https:\/\/yrmegard.net\/treasury\/wp-content\/uploads\/2023\/08\/crockett_page-scaled.jpeg\" data-rel=\"lightbox-gallery-HSCUjPCh\" data-rl_title=\"\" data-rl_caption=\"\" title=\"\"><img decoding=\"async\" src=\"https:\/\/yrmegard.net\/treasury\/wp-content\/uploads\/2023\/08\/crockett_page-scaled.jpeg\" alt=\"\" class=\"wp-image-6961\" style=\"width:300px\" width=\"300\" srcset=\"https:\/\/yrmegard.net\/treasury\/wp-content\/uploads\/2023\/08\/crockett_page-scaled.jpeg 1700w, https:\/\/yrmegard.net\/treasury\/wp-content\/uploads\/2023\/08\/crockett_page-199x300.jpeg 199w, https:\/\/yrmegard.net\/treasury\/wp-content\/uploads\/2023\/08\/crockett_page-680x1024.jpeg 680w, https:\/\/yrmegard.net\/treasury\/wp-content\/uploads\/2023\/08\/crockett_page-768x1157.jpeg 768w, https:\/\/yrmegard.net\/treasury\/wp-content\/uploads\/2023\/08\/crockett_page-1020x1536.jpeg 1020w, https:\/\/yrmegard.net\/treasury\/wp-content\/uploads\/2023\/08\/crockett_page-1360x2048.jpeg 1360w\" sizes=\"(max-width: 1700px) 100vw, 1700px\" \/><\/a><\/figure>\n<\/div>\n\n\n<p>Raamatu l\u00fchike teine osa r\u00e4\u00e4gib vajalikest t\u00f6\u00f6vahenditest, kusjuures on toodud erineva kujuga k\u00f5lade joonised t\u00e4issuuruses, et nende j\u00e4rgi saaks teha oma esimesi k\u00f5lasid. Raamatu j\u00e4rgmises osas on j\u00e4rk-j\u00e4rgult \u00e4ra kirjeldatud k\u00f5ige lihtsam kudumise viis alates k\u00f5lade l\u00f5imetamisest, nende \u00f5igest asendist ja pingutamisest. Lihtne mustriskeem anal\u00fc\u00fcsitakse \u00fcksikasjaliselt l\u00e4bi ning kogu kudumise protsess on kirjeldatud ning piltidel \u00e4ra n\u00e4idatud samm-sammult. Piltidel saab n\u00e4ha ka paela, mis tekib kogu k\u00f5lapaki vastavalt juhendile edasi-tagasi keeramisest. Samuti on kirjeldatud tavalised vead ning nende parandamise v\u00f5imalused. K\u00f5ik on v\u00e4ga selge, konkreetne ja t\u00e4pne.<\/p>\n\n\n\n<p>Raamatu j\u00e4rgnevad kolm osa on p\u00fchendatud mustriskeemidele, oma skeemide loomise v\u00f5imalustele ning sellele, kuidas paberile joonistatud muster vastab sellele, mis p\u00e4rast k\u00f5lade alt v\u00e4lja tuleb. Tehnikad on j\u00e4rjestatud veidi suvaliselt vaatamata tehnikate raskusastmele. Lihtsate egiptuse diagonaalide ja klassikalise kivrimi k\u00f5rval on kohe ka kahepoolne kudumine ning kahekihline kudumine. M\u00f5ned tehnikad on \u00e4\u00e4rmiselt h\u00e4sti kirjeldatud, m\u00f5nede kohta on aga antud vaid mustriskeem ja minimaalsed juhised. Palju t\u00e4helepanu on p\u00f6\u00f6ratud kontrastsete v\u00e4rvide kasutamisele huvitavate mustrite ja struktuuride loomiseks.<\/p>\n\n\n\n<p>Eraldi osa on p\u00fchendatud v\u00e4hem traditsioonilistele k\u00f5ladega manipuleerimistele, nagu k\u00f5lade omavahelise asukoha muutmine, paela laiuse muutmine lisal\u00f5ngade lisamise v\u00f5i olemasolevate l\u00f5ngade v\u00e4ljaviimise abil ning lisaelementide (p\u00e4rlite jms) lisamisele.<\/p>\n\n\n\n<p>Raamatu viimased osad r\u00e4\u00e4givad paelte viimistlemisest ning nende kasutamise v\u00f5imalustest \u2013 sealhulgast suurte esemete, nt riiete loomiseks. Lisaks annab autor raamatu l\u00f5pus n\u00f5u kudumisega seonduvatel teemadel, r\u00e4\u00e4kides eelk\u00f5ige sellest, kuidas kudumise protessi lihtsamaks ja veel nauditavamaks teha. Raamatu l\u00f5ppu krooniva v\u00e4itega on raske mitte n\u00f5ustuda: k\u00f5ladega kudumine on aken t\u00e4iesti oman\u00e4olisse ning kaasahaaravasse maailma.<\/p>\n\n\n\n<p>Selles meepotis on aga parasjagu t\u00f5rva. Crockett kasutab t\u00e4iesti omasugust m\u00e4rkide s\u00fcsteemi, mis kohati on levinud s\u00fcsteemidega sarnane, kohati aga v\u00e4ga erinev. Kuigi selle selgeks saamine pole nii keeruline, v\u00f5ib edasine t\u00f6\u00f6 teistsuguste skeemidega raskendatud olla. Lisaks pole praktiline materjal s\u00fcstematiseeritud tehnikate t\u00fc\u00fcpide ja v\u00f5imaluste j\u00e4rgi, seega otsides abi konkreetse mustri kohta tuleb ise asju k\u00f5rvutada ning raamatus edasi-tagasi h\u00fcpata.<\/p>\n\n\n\n<p>L\u00fchidalt kokku v\u00f5ttes on Crocketti raamat hea kaasaegne k\u00f5ladega kudumise \u00f5pik, kus on v\u00e4ga h\u00e4sti l\u00e4bi t\u00f6\u00f6tatud algt\u00f5ed ning antud vihjeid kogu tehnika v\u00f5imaluste kohta. Selle j\u00e4rgi on lihtne \u00f5ppida, kuid edasiseks arenguks pole sealt palju v\u00f5tta.<\/p>\n","protected":false},"excerpt":{"rendered":"<p>Interweave Press, 1991ISBN 0-934026-61-0 esmatr\u00fckk:Watson-Guptill Publications, 1973 Nii selle raamatu kirjutamise ajal kui ka veel aastak\u00fcmneid hiljem koondasid paljud k\u00f5ladega kudumisele p\u00fchendatud tr\u00fckised infot vaid konkreetse ja suhteliselt kitsa teema kohta (nt m\u00f5ni tehnika vms), sisaldades seejuures vaid v\u00e4ga \u00fcldist kudumise juhendit. Veebist leitavad juhendid&nbsp;<a class=\"read-more\" href=\"https:\/\/yrmegard.net\/treasury\/et\/artiklid\/cw-crockett\/\">&hellip;<\/a><\/p>\n","protected":false},"author":2,"featured_media":6959,"parent":2918,"menu_order":63,"comment_status":"closed","ping_status":"closed","template":"template-full.php","meta":{"_vp_format_video_url":"","_vp_image_focal_point":[],"footnotes":""},"class_list":["post-3156","page","type-page","status-publish","has-post-thumbnail","hentry"],"_links":{"self":[{"href":"https:\/\/yrmegard.net\/treasury\/wp-json\/wp\/v2\/pages\/3156","targetHints":{"allow":["GET"]}}],"collection":[{"href":"https:\/\/yrmegard.net\/treasury\/wp-json\/wp\/v2\/pages"}],"about":[{"href":"https:\/\/yrmegard.net\/treasury\/wp-json\/wp\/v2\/types\/page"}],"author":[{"embeddable":true,"href":"https:\/\/yrmegard.net\/treasury\/wp-json\/wp\/v2\/users\/2"}],"replies":[{"embeddable":true,"href":"https:\/\/yrmegard.net\/treasury\/wp-json\/wp\/v2\/comments?post=3156"}],"version-history":[{"count":1,"href":"https:\/\/yrmegard.net\/treasury\/wp-json\/wp\/v2\/pages\/3156\/revisions"}],"predecessor-version":[{"id":6962,"href":"https:\/\/yrmegard.net\/treasury\/wp-json\/wp\/v2\/pages\/3156\/revisions\/6962"}],"up":[{"embeddable":true,"href":"https:\/\/yrmegard.net\/treasury\/wp-json\/wp\/v2\/pages\/2918"}],"wp:featuredmedia":[{"embeddable":true,"href":"https:\/\/yrmegard.net\/treasury\/wp-json\/wp\/v2\/media\/6959"}],"wp:attachment":[{"href":"https:\/\/yrmegard.net\/treasury\/wp-json\/wp\/v2\/media?parent=3156"}],"curies":[{"name":"wp","href":"https:\/\/api.w.org\/{rel}","templated":true}]}}