{"id":3042,"date":"2020-03-07T22:20:43","date_gmt":"2020-03-07T22:20:43","guid":{"rendered":"http:\/\/yrmegard.net\/cms\/?page_id=3042"},"modified":"2023-08-12T22:01:36","modified_gmt":"2023-08-12T19:01:36","slug":"artikkel-aared","status":"publish","type":"page","link":"https:\/\/yrmegard.net\/treasury\/et\/artiklid\/artikkel-aared\/","title":{"rendered":"\u00c4\u00e4rem\u00e4rkused: k\u00f5lapaela \u00e4\u00e4red"},"content":{"rendered":"<div class=\"wp-block-image blog-image\">\n<figure class=\"alignright size-full is-resized\"><a href=\"https:\/\/yrmegard.net\/treasury\/wp-content\/uploads\/2023\/08\/blog_11_01_31.jpg\" data-rel=\"lightbox-gallery-3m78DzQ0\" data-rl_title=\"\" data-rl_caption=\"\" title=\"\"><img decoding=\"async\" src=\"https:\/\/yrmegard.net\/treasury\/wp-content\/uploads\/2023\/08\/blog_11_01_31.jpg\" alt=\"\" class=\"wp-image-6754\" style=\"width:512px\" width=\"512\" srcset=\"https:\/\/yrmegard.net\/treasury\/wp-content\/uploads\/2023\/08\/blog_11_01_31.jpg 550w, https:\/\/yrmegard.net\/treasury\/wp-content\/uploads\/2023\/08\/blog_11_01_31-300x186.jpg 300w\" sizes=\"(max-width: 550px) 100vw, 550px\" \/><\/a><\/figure>\n<\/div>\n\n\n<p>On erinevaid v\u00f5tteid k\u00f5lapaela \u00e4\u00e4re kudumiseks, allpool on juttu nii tavalisemast viisist\u00a0 kui ka veidi erinevast, kuid v\u00e4ga lihtsast tehnikast.<\/p>\n\n\n\n<p>Tavaliselt keeratakse \u00e4\u00e4rek\u00f5lad koos p\u00f5hipakiga, ning koel\u00f5ng pannakse l\u00e4bi nii, et selle all ja ka selle kohal on kaks l\u00f5imel\u00f5nga igast k\u00f5last. Sel juhul n\u00e4eb paela \u00e4\u00e4r v\u00e4lja umbes selline nagu k\u00f5rvaloleval pildil (see on <a href=\"https:\/\/yrmegard.net\/treasury\/et\/galerii\/galerii-kolad-lehtedega-voo\/\">lehtedega v\u00f6\u00f6<\/a> \u00e4\u00e4re suurendatud fragment).<\/p>\n\n\n\n<p>Nooltega on n\u00e4idatud koel\u00f5nga moodustatud pisted, mis asuvad \u00e4\u00e4re keskel ning on p\u00e4ris h\u00e4sti n\u00e4htavad isegi juhul, kui koel\u00f5ng on sama v\u00e4rvi \u00e4\u00e4rek\u00f5lade l\u00f5imega.<\/p>\n\n\n\n<p>Kuid on ka teistsugune v\u00f5imalus. See eeldab, et \u00e4\u00e4rek\u00f5lad on keeratud 45 kraadi p\u00f5hipaki suhtes, ehk siis seisavad nurkade peal. Nende k\u00f5lade l\u00f5imel\u00f5ngad moodustavad kaks vahelikku, ning koel\u00f5ng tuleb panna l\u00e4bi alumisest. Minule oli \u00e4\u00e4rek\u00f5lade nurgale seisma j\u00e4tmine ebamugav, nii et ma keeran nad ikka koos pakiga, aga koel\u00f5nga panekul t\u00f5stan \u00fche (kaugema) alumistest l\u00f5imel\u00f5ngadest \u00fcles (vt esimest pilti all).<\/p>\n\n\n\n<p>Tulemuseks nihkuvad koel\u00f5nga pisted \u00e4\u00e4re alla, ning \u00e4\u00e4r ise n\u00e4eb v\u00e4lja nagu \u00fchtlane n\u00f6\u00f6r. Alumisel parempoolsel pildil on n\u00e4ha t\u00f6\u00f6s oleva <a href=\"https:\/\/yrmegard.net\/treasury\/et\/galerii\/galerii-kolad-paikesevoo\/\">P\u00e4ikesev\u00f6\u00f6<\/a> \u00e4\u00e4r altpoolt vaadatuna. Nooled n\u00e4itavad koel\u00f5ngapisteid.<\/p>\n\n\n\n<figure class=\"wp-block-gallery has-nested-images columns-default is-cropped wp-block-gallery-1 is-layout-flex wp-block-gallery-is-layout-flex\">\n<figure class=\"wp-block-image size-full blog-image\"><a href=\"https:\/\/yrmegard.net\/treasury\/wp-content\/uploads\/2023\/08\/blog_11_01_31_1.jpg\" data-rel=\"lightbox-gallery-3m78DzQ0\" data-rl_title=\"\" data-rl_caption=\"\" title=\"\"><img loading=\"lazy\" decoding=\"async\" width=\"549\" height=\"339\" data-id=\"6769\" src=\"https:\/\/yrmegard.net\/treasury\/wp-content\/uploads\/2023\/08\/blog_11_01_31_1.jpg\" alt=\"\" class=\"wp-image-6769\" style=\"object-fit:cover\" srcset=\"https:\/\/yrmegard.net\/treasury\/wp-content\/uploads\/2023\/08\/blog_11_01_31_1.jpg 549w, https:\/\/yrmegard.net\/treasury\/wp-content\/uploads\/2023\/08\/blog_11_01_31_1-300x185.jpg 300w\" sizes=\"auto, (max-width: 549px) 100vw, 549px\" \/><\/a><\/figure>\n\n\n\n<figure class=\"wp-block-image size-full blog-image\"><a href=\"https:\/\/yrmegard.net\/treasury\/wp-content\/uploads\/2023\/08\/blog_11_01_31_2-1.jpg\" data-rel=\"lightbox-gallery-3m78DzQ0\" data-rl_title=\"\" data-rl_caption=\"\" title=\"\"><img loading=\"lazy\" decoding=\"async\" width=\"550\" height=\"282\" data-id=\"6755\" src=\"https:\/\/yrmegard.net\/treasury\/wp-content\/uploads\/2023\/08\/blog_11_01_31_2-1.jpg\" alt=\"\" class=\"wp-image-6755\" style=\"object-fit:cover\" srcset=\"https:\/\/yrmegard.net\/treasury\/wp-content\/uploads\/2023\/08\/blog_11_01_31_2-1.jpg 550w, https:\/\/yrmegard.net\/treasury\/wp-content\/uploads\/2023\/08\/blog_11_01_31_2-1-300x154.jpg 300w\" sizes=\"auto, (max-width: 550px) 100vw, 550px\" \/><\/a><\/figure>\n<\/figure>\n","protected":false},"excerpt":{"rendered":"<p>On erinevaid v\u00f5tteid k\u00f5lapaela \u00e4\u00e4re kudumiseks, allpool on juttu nii tavalisemast viisist\u00a0 kui ka veidi erinevast, kuid v\u00e4ga lihtsast tehnikast. Tavaliselt keeratakse \u00e4\u00e4rek\u00f5lad koos p\u00f5hipakiga, ning koel\u00f5ng pannakse l\u00e4bi nii, et selle all ja ka selle kohal on kaks l\u00f5imel\u00f5nga igast k\u00f5last. Sel juhul n\u00e4eb&nbsp;<a class=\"read-more\" href=\"https:\/\/yrmegard.net\/treasury\/et\/artiklid\/artikkel-aared\/\">&hellip;<\/a><\/p>\n","protected":false},"author":2,"featured_media":6754,"parent":2918,"menu_order":3,"comment_status":"closed","ping_status":"closed","template":"template-full.php","meta":{"_vp_format_video_url":"","_vp_image_focal_point":[],"footnotes":""},"class_list":["post-3042","page","type-page","status-publish","has-post-thumbnail","hentry"],"_links":{"self":[{"href":"https:\/\/yrmegard.net\/treasury\/wp-json\/wp\/v2\/pages\/3042","targetHints":{"allow":["GET"]}}],"collection":[{"href":"https:\/\/yrmegard.net\/treasury\/wp-json\/wp\/v2\/pages"}],"about":[{"href":"https:\/\/yrmegard.net\/treasury\/wp-json\/wp\/v2\/types\/page"}],"author":[{"embeddable":true,"href":"https:\/\/yrmegard.net\/treasury\/wp-json\/wp\/v2\/users\/2"}],"replies":[{"embeddable":true,"href":"https:\/\/yrmegard.net\/treasury\/wp-json\/wp\/v2\/comments?post=3042"}],"version-history":[{"count":5,"href":"https:\/\/yrmegard.net\/treasury\/wp-json\/wp\/v2\/pages\/3042\/revisions"}],"predecessor-version":[{"id":6772,"href":"https:\/\/yrmegard.net\/treasury\/wp-json\/wp\/v2\/pages\/3042\/revisions\/6772"}],"up":[{"embeddable":true,"href":"https:\/\/yrmegard.net\/treasury\/wp-json\/wp\/v2\/pages\/2918"}],"wp:featuredmedia":[{"embeddable":true,"href":"https:\/\/yrmegard.net\/treasury\/wp-json\/wp\/v2\/media\/6754"}],"wp:attachment":[{"href":"https:\/\/yrmegard.net\/treasury\/wp-json\/wp\/v2\/media?parent=3042"}],"curies":[{"name":"wp","href":"https:\/\/api.w.org\/{rel}","templated":true}]}}